 prime factors of m.
37
Let p be (16/(-6))/((-8)/132). What are the prime factors of -4*2/p + 3273/33?
3, 11
Let r(v) = v**3 + v**2 + 14 + 17*v**2 - 2*v**2 - 3*v**2 + 7*v. Let p be r(-12). List the prime factors of 3/(-6) - p/(-4).
2, 3
Let n be -1*(2 - 1)*-63. Let g(l) = -l**3 + 7*l**2 - 3*l + 2. Let p be g(3). Let q = n - p. List the prime factors of q.
2, 17
Let c = -1431 - -3787. List the prime factors of c.
2, 19, 31
Suppose h + 3*r = -3*h + 598, -2*r - 155 = -h. Suppose 5*t = -5*k + 109 + h, 2*k = -3*t + 99. List the prime factors of k.
3, 19
Let p(w) = 179*w**2 - 4*w + 3. What are the prime factors of p(-2)?
727
Let v = 57 - 60. What are the prime factors of (12/8)/v*0 - -8?
2
Let i = -255 - -115. Let b be ((-6)/4)/((-15)/i). What are the prime factors of ((-8)/14)/(b/49)?
2
Let z = 128 + -26. Suppose -2*d + 24 = 5*b - z, 4*d + 8 = 0. List the prime factors of b.
2, 13
List the prime factors of (4 - (-4 + 11))/(18/(-1524)).
2, 127
Let c(z) = 5*z**2 - 2*z + 1. Let t be c(1). Let v be 34 - (2 - 2)/t. List the prime factors of (9/3)/(3/v).
2, 17
Suppose 0 = -3*i + k + 4*k - 4, -2*i = 4*k - 12. Let u be 1 - (-12 + 1) - i. Suppose -3*n = u - 124. List the prime factors of n.
2, 19
Let b be 3/(-6)*-12 + -1. Suppose -b*a - 24 = -64. List the prime factors of (90/a)/((-1)/(-4)).
3, 5
Suppose 2*u - 6 = 2*s, -u + 3*s + 6 = u. Suppose 15 = 3*i + 3*n, -u*i = 2*i + 3*n - 17. List the prime factors of i - 5 - (-6 + -49).
3, 17
Suppose 2*q = 3*f + 77, q + 19 = 2*f + 58. Suppose -4*h - 39 - 57 = 0. Let g = q + h. What are the prime factors of g?
13
Let u(d) = d**2 + d + 1. Let y be u(-1). List the prime factors of (1/2)/(y/114).
3, 19
Suppose -10*m - 25 = -5*m. Let y = m + 6. What are the prime factors of (-1 - 2)*(-16 - y)?
3, 17
Let k = 117 + -73. Let h = k - 30. What are the prime factors of h?
2, 7
Let v(l) = -l + 9. Let d(j) = j - 6. Let t be d(6). Let x be 0 + -1 - (-1 - t). What are the prime factors of v(x)?
3
Suppose 139 + 566 = 3*f. Let x = -6 + 12. Suppose i = x*i - f. List the prime factors of i.
47
Let q be (-3 - 0)*10/(-15). Suppose -q*d = -1 - 5. Suppose -d*g + 2*r + 30 = 5*r, -2 = -r. List the prime factors of g.
2
List the prime factors of ((-8)/(120/(-525)))/((-2)/(-188)).
2, 5, 7, 47
Suppose -2*l + 812 = -2*s, 0 = -5*l - 0*l - 4*s + 2048. What are the prime factors of l?
2, 3, 17
Let b = 29 - 44. Let c = 72 + b. List the prime factors of c.
3, 19
Let g(z) = -z**3 - 5*z**2 + 10*z + 5. Let p be g(-7). Let x = 38 - p. Suppose x*n - 194 = -a, -4*a = -10 - 6. List the prime factors of n.
2, 19
Let g = 10 + 66. List the prime factors of g.
2, 19
Suppose 296*v + 2478 = 303*v. What are the prime factors of v?
2, 3, 59
Let l(q) = 2*q**2 + 3*q + 1001. List the prime factors of l(0).
7, 11, 13
Let v be 7 + 4/4*-3. Let z(y) = 23*y - 8. What are the prime factors of z(v)?
2, 3, 7
Let t(y) = -3*y + 8. Let b be t(4). Let u be 873/6 + (-2)/b. Suppose 14 + u = 5*l - x, -2*l + 37 = 5*x. List the prime factors of l.
31
Suppose 12*b + 28*b = -240. Let p = 512 + -128. What are the prime factors of 4/b - p/(-9)?
2, 3, 7
Suppose 8 = w - 1. Let k = -4 + w. Suppose -5*x + k = -10. What are the prime factors of x?
3
Let r(a) = a**3 + 8*a**2 - 11*a - 10. Let d be r(-9). Let j = -17 + d. List the prime factors of (3/j)/((-3)/81).
3
Let o(n) = 7 + 36 + 20 - n - 14. List the prime factors of o(-24).
73
Let f be (-1 - 8/(-4))/1. What are the prime factors of (f - -1)*(-186)/(-4)?
3, 31
Suppose -3*j - j + 20 = 0. Let c be 2*21/j*5. Suppose -y + c = v, -v + 6*v + 15 = 0. What are the prime factors of y?
3, 5
Let k = -90 - -397. List the prime factors of k.
307
List the prime factors of (-8)/(-20) + 4509/15.
7, 43
Suppose 4*j - 16 + 4 = 0. Let a(i) = -i**2 + i + 15. Let w be a(-5). List the prime factors of 65/j*w/(-5).
5, 13
Suppose 4*p - 3823 = -5*k, 4*p - 6*p - 5*k + 1909 = 0. What are the prime factors of p?
3, 11, 29
Let m(d) = 8*d - 27. Let r = 27 - 11. List the prime factors of m(r).
101
Let q = 4585 + -1742. What are the prime factors of q?
2843
Suppose 4*t = -v + 2024, 0 = v - 3*t - 910 - 1114. List the prime factors of v.
2, 11, 23
What are the prime factors of (2 - 2) + (-15)/(-1)*25?
3, 5
Let g(o) = 5*o**2 - 7*o - 7. Let f be g(-5). Suppose h = 4*h - f. Let k = h - 29. List the prime factors of k.
2, 11
What are the prime factors of -4*(-510)/(-45)*(0 - 6)?
2, 17
Let d be ((-3)/(-5))/((-1)/(-5)). Let a be ((-4)/(-6))/(30/1305). Suppose a = -3*b + f + 138, d*b - 5*f - 89 = 0. What are the prime factors of b?
2, 19
Let k be (0 - -8)*-4*-3. Suppose 2*t + 78 = -2. List the prime factors of (k/20)/((-6)/t).
2
Suppose 0 = -4*j - 2*w + 8134, 6*j - 5*j = -4*w + 2016. What are the prime factors of j?
2, 509
Let m(j) = -16*j**2 + j + 21. Let d be m(-6). Let t = -243 - d. List the prime factors of t.
2, 3, 53
List the prime factors of (9 + 383 - -4) + 6/(-2).
3, 131
Let i = -317 - -913. What are the prime factors of i?
2, 149
Let p(n) = -2 - 17*n**2 + 24*n**2 - 4*n + 7 + 7. List the prime factors of p(4).
2, 3
Suppose 3*c = c + 6. Let g(x) = 2*x - 5*x + c - 2*x + 8*x. What are the prime factors of g(3)?
2, 3
Let j(u) = -5*u**2 + 5*u + 1. Let y be j(4). Let c = 92 + y. What are the prime factors of c?
3, 11
Let u(s) = -s**2 - 13*s - 11. Let n be u(-12). Let l be (n + 2/(-6))*18. Suppose 18 = -11*x + l*x. List the prime factors of x.
2, 3
What are the prime factors of -6 + (1991 - -2 - (18 - 12))?
7, 283
Let c be (1932/8)/(-7)*(2 - 122). What are the prime factors of (0 - c/(-16)) + (-3)/(-12)?
7, 37
List the prime factors of 17 + 1545 - 2*(-2)/4.
3, 521
Suppose -r = 2*r - 9. Suppose -r*p + 174 = v, -4*p = 2*v + 102 - 446. List the prime factors of v.
2, 3, 7
Let n be 3 + (-4)/(-8)*0. Suppose 5*l + 363 = 3*c, 2*l = -4*c + n*l + 484. List the prime factors of c.
11
Suppose -42*h + 20530 = -46166. What are the prime factors of h?
2, 397
Let i(c) = c**3 - 9*c**2 + 8*c + 5. Suppose -15*l + 119 + 1 = 0. List the prime factors of i(l).
5
Let f(w) = -7 - 4 + 4 - 4 + 2*w. Suppose -26 = -2*a + 2*z, 2*z = 7*z + 15. List the prime factors of f(a).
3
Suppose -3 = 5*o + 7. Let m(v) = -v**3 - 2*v**2 - 2*v - 1. Let k be m(o). Suppose z - k*z = -78. What are the prime factors of z?
3, 13
Suppose 7*r - 4*r = 2811. Suppose 4*o - r = -5*b + 378, 0 = 3*b - 4*o - 757. What are the prime factors of b?
7, 37
Let x be (-13)/1 + 12/(-4). Let r be 1*1*x + 2. List the prime factors of r/49 - (-121)/7.
17
Suppose 0 = -5*o + 10, o + 3118 = -4*i + 9736. List the prime factors of i.
2, 827
Suppose 0*m + 2*m + 3*h = 8, 0 = -5*m + h + 3. Let f be ((-3)/(-7))/(m/7). Suppose p - 17 = j - f*j, -p = -3*j + 23. List the prime factors of j.
2
Suppose 4*p = 2*m - p - 21, -5*m - 2*p + 125 = 0. Let i be 1/(-2) + (-174)/(-4). Let w = i - m. List the prime factors of w.
2, 5
Let t(v) = v**3 + 8*v**2 + 7*v - 2. Let x be t(-7). Let g = 7 + x. Let y(q) = -q**2 + 7*q - 6. What are the prime factors of y(g)?
2
Suppose 6*v = 7*v + 195. Let l = -125 - v. Suppose 10*k = 15*k - l. What are the prime factors of k?
2, 7
Let c(f) = 89*f**2 + 2*f + 2. Suppose 5*a = -2*m + 23, 4 = 4*m + a + 3. What are the prime factors of c(m)?
89
Let d be 6/1*(-3)/9 + 2. Suppose d*h + 328 = 2*h. What are the prime factors of h?
2, 41
Let s = 551 - -1033. List the prime factors of 1/(15/s) + (-6)/10.
3, 5, 7
Suppose -55*m = -115945 - 66875. List the prime factors of m.
2, 3, 277
Let j(h) = 14*h + 1. Let u be j(4). Suppose 20*z = 21*z - u. List the prime factors of z.
3, 19
Suppose -12 = -5*y + y. Suppose 0 = -4*l + 4*o + 124, y*l - o - 31 = 70. Suppose 0 = -2*z + l + 31. What are the prime factors of z?
3, 11
Let n(p) = -p**2 - 24*p - 23. Let t be n(-8). Suppose -3*h + 22 = -2*h - 5*m, -2*h - 26 = 4*m. List the prime factors of h + (-2)/((-6)/t).
2
Let y(b) = b**2 + 25. Let s be ((-10)/(-8))/5 - 1/4. What are the prime factors of y(s)?
5
Suppose 0 = -5*l - 3*b + 6542, -5 - 3 = -2*b. What are the prime factors of l?
2, 653
Suppose -g + 28 = -2*j - 29, -2*g = 4*j - 98. Let m = -28 + g. Suppose -2*h = 3*a + 2*h - m, -35 = -5*a - 5*h. What are the prime factors of a?
3
Let t(p) = -7*p + 3. Let d be t(-4). Suppose z - d = 6. What are the prime factors of z?
37
Let f = -7 - -15. Suppose 2*r - b = -r + 5, -3*r + f = 2*b. Let n(y) = 2*y**3 - y